 18*d**2 - 14*d - 3. List the prime factors of p(7).
11, 71
Let m be 2 - (7 + (-5 - -2)). What are the prime factors of ((-4)/8 + m)*-6?
3, 5
Suppose 0 = -4*s - 2 + 6. What are the prime factors of -4 - 333/(-4) - s/4?
79
Suppose 25*l = 15*l + 23860. List the prime factors of l.
2, 1193
Suppose 6*t - 230 = 8*t. Let c = t - -192. What are the prime factors of c?
7, 11
Suppose 8*x - 4150 = -2*x. List the prime factors of x.
5, 83
Suppose 12 = 4*v, w + 3*v - 3 = 21. Let b = w - -2. List the prime factors of b.
17
What are the prime factors of (-12)/(-102) + (-202554)/(-153)?
2, 331
Let h = 7 + -9. Let v = -12 - h. What are the prime factors of (-468)/(-15) + 2/v?
31
Let k = -756 + 1397. List the prime factors of k.
641
Let b = -98 - -101. Suppose 0 = -8*j + b*j + 455. List the prime factors of j.
7, 13
Suppose 5*k = -r + 100, -32 - 8 = -2*k + 5*r. Let g = 4 + k. What are the prime factors of g?
2, 3
Let x = 3027 + -1438. List the prime factors of x.
7, 227
Let q(u) be the third derivative of -u**6/120 - u**5/10 - 5*u**4/24 + 7*u**3/6 - 32*u**2. Let s(t) = t - 2. Let f be s(-4). List the prime factors of q(f).
37
Suppose -2*t + 1094 = -4*r - r, -5*t + 2750 = -5*r. List the prime factors of t.
2, 3, 23
Let a(m) = 20*m**2 + 4*m + 2. Let c be a(-2). Suppose -3*y - r = c, 5*r = -5*y - 51 - 79. Let x = 54 + y. List the prime factors of x.
2, 3, 5
What are the prime factors of (-2 - 135)/(2/(-4) - 0)?
2, 137
Suppose 7*f - 9859 = 4344. What are the prime factors of f?
2029
Let t(u) = -4*u**3 - 11*u**2 + 10*u + 16. List the prime factors of t(-9).
1951
Suppose 5*n - 18 = 4*c, 4 = 3*n + c - 0*c. Suppose q - 2*m - 48 = 0, -7*q - 4*m = -n*q - 296. List the prime factors of q.
2, 7
Suppose -w + 0 + 4 = 0. Let g be (4/(-2))/(2/51*-3). Suppose 5*b = -4*r + 25, -3*b = 2*r - g + w. What are the prime factors of r?
5
Suppose 3*v - 5513 + 1355 = 0. What are the prime factors of v?
2, 3, 7, 11
Let u(g) = 13*g + 3*g - 11*g + 8. Let d be u(-4). What are the prime factors of (-115)/(-3) + (-8)/d?
3, 13
Let y = 1157 - -810. List the prime factors of y.
7, 281
Let n be -8*(28/(-8) - -2). Let t = n + 63. What are the prime factors of t?
3, 5
Let d(v) = -v**3 + v + 1. Let f(l) = -4*l**3 + 10*l**2 + 13*l - 10. Let g(w) = 3*d(w) - f(w). What are the prime factors of g(11)?
2, 3
Let r = -8 - -11. Suppose r*f - 33 = -0. Suppose 3*m - f = 25. What are the prime factors of m?
2, 3
Suppose q = 4*q - 6. Let l be 1 + -2 - (-5 - q). Suppose -4*y + l = o - 25, -35 = -5*y - 5*o. What are the prime factors of y?
2
Suppose -13*h + 4224 = 753. List the prime factors of h.
3, 89
Let a(g) = -5*g**3 + 3*g + 2. Let b be a(-1). Suppose 0*v - 5*h - 242 = -v, b*h - 197 = -v. Suppose -4*w + v = 3*w. List the prime factors of w.
31
Let b(h) be the first derivative of 2/3*h**3 + 2*h**2 + 3*h - 1. List the prime factors of b(-4).
19
List the prime factors of (273/(-63))/(1/(-84)).
2, 7, 13
Suppose 8*p = 3*p + 200. Let x = 28 - p. Let d = x - -30. What are the prime factors of d?
2, 3
Let g be 4/5 - -12*(-483)/(-5). Suppose 2*x + 216 = 3*x - 3*o, -o + g = 5*x. What are the prime factors of x?
3, 7, 11
Suppose n - 5*d = -3*n + 2249, 3*d = 5*n - 2821. What are the prime factors of n?
2, 283
Let n(b) = 3*b + 3*b - 5*b - 5*b - 16. Let v be -7*(0 + 1)/1. List the prime factors of n(v).
2, 3
Let h(w) = 4*w**2 + 2*w - 9. Let l be h(6). Let y = l - 74. Suppose s - 46 = -5*b, 2*s + 5 = -4*b + y. What are the prime factors of s?
2, 13
Let d(z) = z**3 + 4*z**2 + 6. Let q be d(-5). Suppose -3*i = 2*n - 4*i + 137, 0 = n + 4*i + 55. List the prime factors of (n + 1)/(q/19).
2, 3, 11
Suppose 4*c - 5 - 3 = 0. Suppose c = 2*p + 6. Let s(j) = -32*j + 3. What are the prime factors of s(p)?
67
Suppose 0 = 2*y + 5*g - 895, -y + 5*g + 245 = -195. What are the prime factors of y?
5, 89
Suppose -4*o = -4*h + 2728, -6*o + o = -2*h + 1373. List the prime factors of h.
7, 97
Let j = -8 + 16. Suppose 575 = 13*v - j*v. What are the prime factors of v?
5, 23
Let u be (1 - 1) + (-220)/10. Let q be 2/(-5) + u/(-5). Suppose 0 = -3*o + q*m + 78, 3*m - 33 = -o + 6. What are the prime factors of o?
2, 3, 5
Suppose 41*m = q + 36*m - 1155, -4*q + 5*m = -4545. What are the prime factors of q?
2, 5, 113
Suppose 3*q - 49 = 17. Let z = -15 + q. Suppose -a - z + 19 = 0. What are the prime factors of a?
2, 3
Let h = 90 - 86. Suppose 3*b = -h*o - 11 + 663, -2*o + 328 = b. List the prime factors of o.
2, 83
Suppose -3 = 8*b - 19. Suppose -11*s - b*s + 468 = 0. List the prime factors of s.
2, 3
Suppose 2*n - 3*n = 3, -x = -n - 66. Suppose -209 = 3*a + 5*c, -3*c = 4*a + 327 - x. What are the prime factors of (-14)/a - 237/(-27)?
3
Let y = -7614 - -11119. List the prime factors of y.
5, 701
Suppose 3*g - g = 2*h + 250, -5*h + 500 = 4*g. Let l = 405 - g. List the prime factors of l.
2, 5, 7
Let n be 27/(-36) - (-22)/8. Suppose n*c = -9 + 15. Suppose -136 = -4*y - 3*k, 3*k = 8*y - c*y - 197. List the prime factors of y.
37
Let v = 42 + 40. What are the prime factors of v?
2, 41
Suppose 0 = 3*x - 2*j + 28 - 102, -x - 4*j = -6. Suppose 5*c + x = 2*k, -c - 3*c - 8 = 0. What are the prime factors of k?
2, 3
Let u(h) = 3*h**2 - 4*h + 7. Let k be u(7). Let f = 285 - k. List the prime factors of f.
3, 53
Suppose -h - 37 = m, -5*h = -0*m - 2*m + 192. Let k = h + 66. What are the prime factors of k?
2, 7
Let w = -96 + 96. List the prime factors of 225 + (w - (-2 - 0)).
227
List the prime factors of (-5)/(6/(-2 + -4)) - -745.
2, 3, 5
Let d(s) = 9*s + 47. Suppose -8*b - 55 = 3*b. What are the prime factors of d(b)?
2
Let g = 4 + -8. Let r be (-32)/(-5) - g/(-10). Suppose 0 = 2*h - r. List the prime factors of h.
3
Let z(o) = 128*o + 44. What are the prime factors of z(3)?
2, 107
Let m = -15 - -38. Suppose -d + r + m = -68, -5*d + 439 = 3*r. List the prime factors of d.
89
Suppose -5*q = 0, 8*d + 3*q = 7*d + 1136. List the prime factors of d.
2, 71
Let i(w) = -4*w**3 + 2*w**2 - 3. Let t be i(2). What are the prime factors of t/(-9) + 1 + (-2 - -42)?
2, 11
Let w be 8/(2 - (0 + 0)). Suppose 4*i - 38 = -2*r - 2, 0 = -w*r + 5*i + 33. What are the prime factors of (0 + 2)/(r/30)?
5
Let y(o) = 933*o + 191. What are the prime factors of y(2)?
11, 17
Let o = -167 + 372. What are the prime factors of o?
5, 41
Let i(s) = s**2 - 5. Let j = 37 - 9. Suppose 0 = -2*g - 2*g + j. List the prime factors of i(g).
2, 11
Let w = 240 + -202. List the prime factors of w.
2, 19
Suppose 0 = 2*k - 4*t - 568, -150 = 2*k + 2*t - 748. List the prime factors of k.
2, 3, 7
Suppose -25 = -c + 2*h, 2*h - 9 = 1. Suppose -2*t + l = -33, -t + 3*l = t - c. List the prime factors of t.
2
Let c = 3 - 4. Let j = c - -3. Suppose 3*m - 68 = -2*w + 6*w, -j*m + 51 = 3*w. What are the prime factors of m?
2, 3
Let s = 10 - 7. Suppose l = -s*l - 236. Let u = 127 + l. List the prime factors of u.
2, 17
Suppose 12*r - 19221 = 2655. What are the prime factors of r?
1823
Let x(p) = -3*p**2 - 13*p + 38. Let r(t) = 5*t**2 + 20*t - 57. Let i(j) = 5*r(j) + 8*x(j). What are the prime factors of i(4)?
19
Let i = -519 - -320. Let q be 10/40 - i/4. Suppose 42 + 76 = 4*n + 3*t, 2*n - 3*t - q = 0. What are the prime factors of n?
2, 7
Suppose 0 = -3*l - 12212 - 5503. List the prime factors of (-2)/(-12) - l/30.
197
Let v(k) = 32*k**2 + 14*k - 15. What are the prime factors of v(1)?
31
Let o = 19 - 22. What are the prime factors of (-3)/(o/(-4))*-13?
2, 13
What are the prime factors of (70/(-21))/((-3)/(783/6))?
5, 29
What are the prime factors of 1374 + 34 + 10/2?
3, 157
Let x be (-10)/(-4)*(-4)/(-5). Suppose -155 = -x*i - 13. List the prime factors of i.
71
Suppose 3*o + 7*x - 3*x = -22, -3*o = 5*x + 23. List the prime factors of 156/(-14)*3*14/o.
2, 3, 13
Let k(n) = 3*n + 12. Let r(b) be the second derivative of 2*b**3/3 + 11*b**2/2 - b. Let i(l) = 5*k(l) - 4*r(l). What are the prime factors of i(6)?
2, 5
Let o = -12 - -8. Let c(q) = -71*q + 6. What are the prime factors of c(o)?
2, 5, 29
Let o = -12 - 0. List the prime factors of -4 + 3/(o/(-220)).
3, 17
Suppose -8*m + 3*m - 70 = 0. Let q = m - -70. List the prime factors of q.
2, 7
Let x(k) = -k**3 + 10*k**2 - 11*k + 11. Let r be x(9). Let q(j) be the third derivative of -j**4/12 + 7*j**3/6 + 5*j**2. What are the prime factors of q(r)?
3, 7
Suppose 4*c + 4 = -2